sor of 1793 and 201377?
11
What is the highest common factor of 54 and 17542134?
18
What is the highest common divisor of 93939856 and 15744?
656
Calculate the greatest common divisor of 8044 and 265616902.
4022
What is the greatest common divisor of 280419 and 23421?
633
Calculate the highest common factor of 512 and 830736.
16
What is the greatest common divisor of 9729 and 10738746?
207
Calculate the highest common factor of 4116 and 18246.
6
What is the highest common factor of 2868 and 149165636?
956
Calculate the greatest common divisor of 783 and 156303765.
261
Calculate the greatest common factor of 25268 and 595105619.
6317
What is the highest common divisor of 12996423 and 44?
11
What is the greatest common factor of 400570564 and 2044?
292
Calculate the highest common divisor of 95497521 and 637.
49
What is the highest common factor of 594 and 11375529?
33
Calculate the greatest common factor of 4590 and 167402400.
510
Calculate the highest common factor of 95 and 2377945.
95
What is the highest common factor of 101787 and 59845254?
2751
What is the highest common divisor of 2926 and 950138?
14
Calculate the greatest common factor of 348 and 2486721.
87
What is the highest common factor of 102706434 and 1096?
274
Calculate the greatest common factor of 12579908 and 215.
43
What is the highest common factor of 138601818 and 1656?
414
What is the greatest common factor of 4146 and 234?
6
Calculate the highest common divisor of 6818944 and 28304.
464
Calculate the greatest common divisor of 7308 and 887632.
116
What is the greatest common divisor of 11065230 and 990?
990
What is the highest common divisor of 4732 and 4952780?
28
What is the greatest common divisor of 2 and 18845744?
2
What is the highest common factor of 3904710637 and 17?
17
What is the greatest common factor of 737923 and 655?
131
What is the greatest common divisor of 1142 and 4566?
2
What is the greatest common divisor of 393693645 and 713?
713
Calculate the greatest common factor of 12 and 1617217.
1
What is the highest common divisor of 9987198 and 228?
114
Calculate the highest common divisor of 707548799 and 6011.
6011
Calculate the highest common divisor of 9450 and 4957848.
378
Calculate the greatest common divisor of 2254 and 20618626.
322
What is the greatest common factor of 283800 and 41620?
20
Calculate the highest common factor of 22 and 67755006.
22
What is the highest common divisor of 19402240 and 2067?
689
Calculate the greatest common divisor of 272803177 and 9562.
683
What is the highest common factor of 22 and 268514411?
11
Calculate the highest common factor of 607787 and 108352.
1693
What is the highest common divisor of 29184 and 62529?
57
Calculate the greatest common divisor of 73519498 and 182.
26
What is the greatest common factor of 3555 and 7093647?
711
Calculate the highest common factor of 26 and 29222.
2
Calculate the greatest common factor of 36 and 3762522.
18
What is the greatest common factor of 11 and 1255097?
1
Calculate the highest common factor of 4440 and 211585980.
2220
Calculate the greatest common divisor of 27952700 and 682.
62
What is the highest common divisor of 28460474 and 58450?
2338
What is the greatest common divisor of 597139701 and 31?
31
What is the highest common divisor of 73 and 156708443?
73
Calculate the highest common factor of 983967 and 5913.
219
What is the highest common divisor of 54501060 and 2928?
732
Calculate the highest common divisor of 36160 and 16044644.
452
What is the greatest common divisor of 60562 and 170130?
214
Calculate the greatest common divisor of 749721 and 637203.
399
Calculate the highest common divisor of 1860199 and 473.
11
Calculate the highest common factor of 899 and 1250943.
31
Calculate the greatest common factor of 128957 and 1842163.
43
Calculate the highest common divisor of 55570 and 560890238.
11114
Calculate the highest common factor of 107 and 574498408.
107
Calculate the highest common factor of 23527965 and 2070.
345
Calculate the greatest common divisor of 6622 and 109539232.
946
Calculate the greatest common divisor of 361 and 1744846.
19
What is the highest common divisor of 319741984 and 32?
32
What is the highest common factor of 13 and 11539619?
13
Calculate the greatest common factor of 23840689 and 309.
103
Calculate the highest common factor of 2044250 and 3367.
481
Calculate the greatest common factor of 2980 and 608420.
20
Calculate the greatest common divisor of 352 and 1173997.
11
What is the highest common divisor of 6 and 533289?
3
What is the greatest common factor of 23990 and 134410?
10
Calculate the greatest common factor of 1583 and 37308144.
1583
Calculate the highest common divisor of 2972 and 3364.
4
What is the highest common factor of 85058 and 32092?
142
Calculate the highest common divisor of 15045884 and 63.
7
What is the greatest common factor of 14885280 and 12240?
720
What is the greatest common factor of 347841 and 17199?
351
What is the highest common factor of 4560 and 5403315?
285
What is the highest common factor of 43226508 and 77922?
2886
What is the highest common divisor of 1341172 and 4522?
266
Calculate the greatest common factor of 1015647 and 4807977.
4359
Calculate the greatest common divisor of 677502 and 7068.
114
What is the highest common divisor of 228794 and 16402?
278
What is the highest common divisor of 2224 and 170272?
16
What is the highest common divisor of 5932173 and 1924?
481
What is the highest common factor of 95 and 2620727?
19
Calculate the greatest common divisor of 66 and 5707922.
22
Calculate the greatest common divisor of 5483527 and 259.
7
What is the highest common divisor of 1197 and 33031719?
63
Calculate the greatest common factor of 14046048 and 12960.
2592
What is the highest common factor of 572850 and 290?
10
What is the highest common factor of 4021664 and 656057?
1153
Calculate the greatest common factor of 109040 and 157296.
464
Calculate the greatest common divisor of 299648 and 17792.
128
Calculate the greatest common factor of 2096248 and 4264.
328
Calculate the highest common factor of 382760264 and 2594.
2594
What is the greatest common divisor of 55090393 and 1345?
269
What is the highest common divisor of 31251894 and 2208?
138
What is the greatest common divisor of 160495 and 41705?
5
Calculate the highest common divisor of 13905150 and 63175.
3325
What is the greatest common divisor of 565 and 1670?
5
What is the greatest common divisor of 78489990 and 178?
178
What is the greatest common divisor of 23548865 and 73169?
3851
Calculate the greatest common divisor of 2951996940 and 2980.
2980
What is the highest common divisor of 3431745 and 405?
45
Calculate the highest common divisor of 1520 and 10141456.
16
Calculate the greatest common factor of 593700814 and 14.
14
What is the greatest common factor of 4536770 and 140?
70
What is the highest common divisor of 60154749 and 369?
369
What is the highest common factor of 35814920 and 527?
527
Calculate the greatest common divisor of 47299 and 1154748.
1631
Calculate the greatest common divisor of 3213 and 6912999.
459
Calculate the highest common factor of 2 and 25757793.
1
Calculate the greatest common divisor of 204 and 46975794.
102
Calculate the greatest common factor of 5744 and 27248459.
359
What is the greatest common divisor of 1280 and 2823670?
10
Calculate the highest common divisor of 21229920 and 28566.
414
Calculate the highest common divisor of 346614350 and 400.
50
Calculate the greatest common factor of 178 and 113916529.
89
What is the greatest common divisor of 1157819 and 124?
31
Calculate the highest common divisor of 19316579 and 1780177.
11057
Calculate the highest common divisor of 167525 and 6775.
25
What is the greatest common divisor of 10 and 23936610?
10
What is the greatest common divisor of 17620732 and 148?
148
What is the greatest common factor of 2311300848 and 7877?
7877
Calculate the highest common factor of 6505296 and 323152.
304
Calculate the greatest common divisor of 4558668 and 48.
12
What is the greatest common factor of 7349289 and 59562?
3309
Calculate the greatest common divisor of 974 and 92572369.
487
What is the highest common divisor of 1424066 and 112?
14
What is the highes